{"id":13787,"date":"2025-08-14T14:35:45","date_gmt":"2025-08-14T13:35:45","guid":{"rendered":"https:\/\/www.kinderopvanglittlepeople.nl\/?post_type=medewerker&#038;p=13787"},"modified":"2025-08-14T14:35:45","modified_gmt":"2025-08-14T13:35:45","slug":"rudy","status":"publish","type":"medewerker","link":"https:\/\/www.kinderopvanglittlepeople.nl\/de\/medewerker\/rudy\/","title":{"rendered":"Rudy"},"content":{"rendered":"<p>Mein Name ist Rudy, geboren und aufgewachsen im malerischen Best.<\/p>\n<p>Nachdem ich \u00fcber 20 Jahre in der Logistikbranche gearbeitet hatte, beschloss ich, meinem Herzen zu folgen und in der Kinderbetreuung zu arbeiten. Im Jahr 2025 werde ich die BBL-Ausbildung zur P\u00e4dagogischen Fachkraft beginnen. Ich freue mich sehr darauf, zur Entwicklung Ihres Kindes in einer sicheren, warmen Umgebung beizutragen, in der Ihr Kind ganz es selbst sein darf und kann.<\/p>\n<p>In meiner Freizeit bin ich ein begeisterter Fu\u00dfballfan und besuche regelm\u00e4\u00dfig ein Spiel meines Lieblingsvereins: Inter Mailand. Ich stehe auch gerne in meiner Au\u00dfenk\u00fcche und grille.<\/p>\n<p>&nbsp;<\/p>\n<p>Ich hoffe, Sie alle bald wiederzusehen.<\/p>\n<p>Gr\u00fc\u00dfe<\/p>","protected":false},"featured_media":13786,"template":"","functie":[138],"locatie":[133],"class_list":["post-13787","medewerker","type-medewerker","status-publish","has-post-thumbnail","hentry","functie-medewerker","locatie-wildheuvel"],"yoast_head":"<!-- This site is optimized with the Yoast SEO plugin v27.4 - https:\/\/yoast.com\/product\/yoast-seo-wordpress\/ -->\n<title>Rudy - Kinderopvang Little People<\/title>\n<meta name=\"robots\" content=\"noindex, follow\" \/>\n<meta property=\"og:locale\" content=\"de_DE\" \/>\n<meta property=\"og:type\" content=\"article\" \/>\n<meta property=\"og:title\" content=\"Rudy - Kinderopvang Little People\" \/>\n<meta property=\"og:description\" content=\"Mijn naam is Rudy, geboren en getogen in het pittoreske Best. Na ruim 20 jaar in de logistiek te hebben gewerkt, heb ik besloten om mijn hart te gaan volgen en ben ik begonnen in de kinderopvang. In 2025 zal ik starten met het BBL-traject tot Gespecialiseerd Pedagogisch Medewerker. Ik kijk er enorm naar uit&hellip;\" \/>\n<meta property=\"og:url\" content=\"https:\/\/www.kinderopvanglittlepeople.nl\/de\/medewerker\/rudy\/\" \/>\n<meta property=\"og:site_name\" content=\"Kinderopvang Little People\" \/>\n<meta property=\"article:publisher\" content=\"https:\/\/www.facebook.com\/KinderopvangLittlePeople\" \/>\n<meta property=\"og:image\" content=\"https:\/\/www.kinderopvanglittlepeople.nl\/wp-content\/uploads\/foto-website-rudy.jpg\" \/>\n\t<meta property=\"og:image:width\" content=\"480\" \/>\n\t<meta property=\"og:image:height\" content=\"640\" \/>\n\t<meta property=\"og:image:type\" content=\"image\/jpeg\" \/>\n<meta name=\"twitter:label1\" content=\"Gesch\u00e4tzte Lesezeit\" \/>\n\t<meta name=\"twitter:data1\" content=\"1\u00a0Minute\" \/>\n<script type=\"application\/ld+json\" class=\"yoast-schema-graph\">{\"@context\":\"https:\\\/\\\/schema.org\",\"@graph\":[{\"@type\":\"WebPage\",\"@id\":\"https:\\\/\\\/www.kinderopvanglittlepeople.nl\\\/medewerker\\\/rudy\\\/\",\"url\":\"https:\\\/\\\/www.kinderopvanglittlepeople.nl\\\/medewerker\\\/rudy\\\/\",\"name\":\"Rudy - Kinderopvang Little People\",\"isPartOf\":{\"@id\":\"https:\\\/\\\/www.kinderopvanglittlepeople.nl\\\/#website\"},\"primaryImageOfPage\":{\"@id\":\"https:\\\/\\\/www.kinderopvanglittlepeople.nl\\\/medewerker\\\/rudy\\\/#primaryimage\"},\"image\":{\"@id\":\"https:\\\/\\\/www.kinderopvanglittlepeople.nl\\\/medewerker\\\/rudy\\\/#primaryimage\"},\"thumbnailUrl\":\"https:\\\/\\\/www.kinderopvanglittlepeople.nl\\\/wp-content\\\/uploads\\\/foto-website-rudy.jpg\",\"datePublished\":\"2025-08-14T13:35:45+00:00\",\"breadcrumb\":{\"@id\":\"https:\\\/\\\/www.kinderopvanglittlepeople.nl\\\/medewerker\\\/rudy\\\/#breadcrumb\"},\"inLanguage\":\"de\",\"potentialAction\":[{\"@type\":\"ReadAction\",\"target\":[\"https:\\\/\\\/www.kinderopvanglittlepeople.nl\\\/medewerker\\\/rudy\\\/\"]}]},{\"@type\":\"ImageObject\",\"inLanguage\":\"de\",\"@id\":\"https:\\\/\\\/www.kinderopvanglittlepeople.nl\\\/medewerker\\\/rudy\\\/#primaryimage\",\"url\":\"https:\\\/\\\/www.kinderopvanglittlepeople.nl\\\/wp-content\\\/uploads\\\/foto-website-rudy.jpg\",\"contentUrl\":\"https:\\\/\\\/www.kinderopvanglittlepeople.nl\\\/wp-content\\\/uploads\\\/foto-website-rudy.jpg\",\"width\":480,\"height\":640},{\"@type\":\"BreadcrumbList\",\"@id\":\"https:\\\/\\\/www.kinderopvanglittlepeople.nl\\\/medewerker\\\/rudy\\\/#breadcrumb\",\"itemListElement\":[{\"@type\":\"ListItem\",\"position\":1,\"name\":\"Home\",\"item\":\"https:\\\/\\\/www.kinderopvanglittlepeople.nl\\\/\"},{\"@type\":\"ListItem\",\"position\":2,\"name\":\"Rudy\"}]},{\"@type\":\"WebSite\",\"@id\":\"https:\\\/\\\/www.kinderopvanglittlepeople.nl\\\/#website\",\"url\":\"https:\\\/\\\/www.kinderopvanglittlepeople.nl\\\/\",\"name\":\"Kinderopvang Little People\",\"description\":\"Een huiselijke sfeer, kleinschalig en v\u00e9\u00e9l persoonlijke aandacht voor ieder kind.\",\"publisher\":{\"@id\":\"https:\\\/\\\/www.kinderopvanglittlepeople.nl\\\/#organization\"},\"alternateName\":\"Een huiselijke sfeer, kleinschalig en v\u00e9\u00e9l persoonlijke aandacht voor ieder kind.\",\"potentialAction\":[{\"@type\":\"SearchAction\",\"target\":{\"@type\":\"EntryPoint\",\"urlTemplate\":\"https:\\\/\\\/www.kinderopvanglittlepeople.nl\\\/?s={search_term_string}\"},\"query-input\":{\"@type\":\"PropertyValueSpecification\",\"valueRequired\":true,\"valueName\":\"search_term_string\"}}],\"inLanguage\":\"de\"},{\"@type\":\"Organization\",\"@id\":\"https:\\\/\\\/www.kinderopvanglittlepeople.nl\\\/#organization\",\"name\":\"Kinderopvang Little People\",\"alternateName\":\"Een huiselijke sfeer, kleinschalig en v\u00e9\u00e9l persoonlijke aandacht voor ieder kind.\",\"url\":\"https:\\\/\\\/www.kinderopvanglittlepeople.nl\\\/\",\"logo\":{\"@type\":\"ImageObject\",\"inLanguage\":\"de\",\"@id\":\"https:\\\/\\\/www.kinderopvanglittlepeople.nl\\\/#\\\/schema\\\/logo\\\/image\\\/\",\"url\":\"https:\\\/\\\/www.kinderopvanglittlepeople.nl\\\/wp-content\\\/uploads\\\/logo-klp.svg\",\"contentUrl\":\"https:\\\/\\\/www.kinderopvanglittlepeople.nl\\\/wp-content\\\/uploads\\\/logo-klp.svg\",\"width\":1,\"height\":1,\"caption\":\"Kinderopvang Little People\"},\"image\":{\"@id\":\"https:\\\/\\\/www.kinderopvanglittlepeople.nl\\\/#\\\/schema\\\/logo\\\/image\\\/\"},\"sameAs\":[\"https:\\\/\\\/www.facebook.com\\\/KinderopvangLittlePeople\"]}]}<\/script>\n<!-- \/ Yoast SEO plugin. -->","yoast_head_json":{"title":"Rudy - Kinderopvang Little People","robots":{"index":"noindex","follow":"follow"},"og_locale":"de_DE","og_type":"article","og_title":"Rudy - Kinderopvang Little People","og_description":"Mijn naam is Rudy, geboren en getogen in het pittoreske Best. Na ruim 20 jaar in de logistiek te hebben gewerkt, heb ik besloten om mijn hart te gaan volgen en ben ik begonnen in de kinderopvang. In 2025 zal ik starten met het BBL-traject tot Gespecialiseerd Pedagogisch Medewerker. Ik kijk er enorm naar uit&hellip;","og_url":"https:\/\/www.kinderopvanglittlepeople.nl\/de\/medewerker\/rudy\/","og_site_name":"Kinderopvang Little People","article_publisher":"https:\/\/www.facebook.com\/KinderopvangLittlePeople","og_image":[{"width":480,"height":640,"url":"https:\/\/www.kinderopvanglittlepeople.nl\/wp-content\/uploads\/foto-website-rudy.jpg","type":"image\/jpeg"}],"twitter_misc":{"Gesch\u00e4tzte Lesezeit":"1\u00a0Minute"},"schema":{"@context":"https:\/\/schema.org","@graph":[{"@type":"WebPage","@id":"https:\/\/www.kinderopvanglittlepeople.nl\/medewerker\/rudy\/","url":"https:\/\/www.kinderopvanglittlepeople.nl\/medewerker\/rudy\/","name":"Rudy - Kinderopvang Little People","isPartOf":{"@id":"https:\/\/www.kinderopvanglittlepeople.nl\/#website"},"primaryImageOfPage":{"@id":"https:\/\/www.kinderopvanglittlepeople.nl\/medewerker\/rudy\/#primaryimage"},"image":{"@id":"https:\/\/www.kinderopvanglittlepeople.nl\/medewerker\/rudy\/#primaryimage"},"thumbnailUrl":"https:\/\/www.kinderopvanglittlepeople.nl\/wp-content\/uploads\/foto-website-rudy.jpg","datePublished":"2025-08-14T13:35:45+00:00","breadcrumb":{"@id":"https:\/\/www.kinderopvanglittlepeople.nl\/medewerker\/rudy\/#breadcrumb"},"inLanguage":"de","potentialAction":[{"@type":"ReadAction","target":["https:\/\/www.kinderopvanglittlepeople.nl\/medewerker\/rudy\/"]}]},{"@type":"ImageObject","inLanguage":"de","@id":"https:\/\/www.kinderopvanglittlepeople.nl\/medewerker\/rudy\/#primaryimage","url":"https:\/\/www.kinderopvanglittlepeople.nl\/wp-content\/uploads\/foto-website-rudy.jpg","contentUrl":"https:\/\/www.kinderopvanglittlepeople.nl\/wp-content\/uploads\/foto-website-rudy.jpg","width":480,"height":640},{"@type":"BreadcrumbList","@id":"https:\/\/www.kinderopvanglittlepeople.nl\/medewerker\/rudy\/#breadcrumb","itemListElement":[{"@type":"ListItem","position":1,"name":"Home","item":"https:\/\/www.kinderopvanglittlepeople.nl\/"},{"@type":"ListItem","position":2,"name":"Rudy"}]},{"@type":"WebSite","@id":"https:\/\/www.kinderopvanglittlepeople.nl\/#website","url":"https:\/\/www.kinderopvanglittlepeople.nl\/","name":"Kinderbetreuung Little People","description":"Eine famili\u00e4re Atmosph\u00e4re, ein kleiner Rahmen und viel pers\u00f6nliche Aufmerksamkeit f\u00fcr jedes Kind.","publisher":{"@id":"https:\/\/www.kinderopvanglittlepeople.nl\/#organization"},"alternateName":"Een huiselijke sfeer, kleinschalig en v\u00e9\u00e9l persoonlijke aandacht voor ieder kind.","potentialAction":[{"@type":"SearchAction","target":{"@type":"EntryPoint","urlTemplate":"https:\/\/www.kinderopvanglittlepeople.nl\/?s={search_term_string}"},"query-input":{"@type":"PropertyValueSpecification","valueRequired":true,"valueName":"search_term_string"}}],"inLanguage":"de"},{"@type":"Organization","@id":"https:\/\/www.kinderopvanglittlepeople.nl\/#organization","name":"Kinderbetreuung Little People","alternateName":"Een huiselijke sfeer, kleinschalig en v\u00e9\u00e9l persoonlijke aandacht voor ieder kind.","url":"https:\/\/www.kinderopvanglittlepeople.nl\/","logo":{"@type":"ImageObject","inLanguage":"de","@id":"https:\/\/www.kinderopvanglittlepeople.nl\/#\/schema\/logo\/image\/","url":"https:\/\/www.kinderopvanglittlepeople.nl\/wp-content\/uploads\/logo-klp.svg","contentUrl":"https:\/\/www.kinderopvanglittlepeople.nl\/wp-content\/uploads\/logo-klp.svg","width":1,"height":1,"caption":"Kinderopvang Little People"},"image":{"@id":"https:\/\/www.kinderopvanglittlepeople.nl\/#\/schema\/logo\/image\/"},"sameAs":["https:\/\/www.facebook.com\/KinderopvangLittlePeople"]}]}},"_links":{"self":[{"href":"https:\/\/www.kinderopvanglittlepeople.nl\/de\/wp-json\/wp\/v2\/medewerker\/13787","targetHints":{"allow":["GET"]}}],"collection":[{"href":"https:\/\/www.kinderopvanglittlepeople.nl\/de\/wp-json\/wp\/v2\/medewerker"}],"about":[{"href":"https:\/\/www.kinderopvanglittlepeople.nl\/de\/wp-json\/wp\/v2\/types\/medewerker"}],"wp:featuredmedia":[{"embeddable":true,"href":"https:\/\/www.kinderopvanglittlepeople.nl\/de\/wp-json\/wp\/v2\/media\/13786"}],"wp:attachment":[{"href":"https:\/\/www.kinderopvanglittlepeople.nl\/de\/wp-json\/wp\/v2\/media?parent=13787"}],"wp:term":[{"taxonomy":"functie","embeddable":true,"href":"https:\/\/www.kinderopvanglittlepeople.nl\/de\/wp-json\/wp\/v2\/functie?post=13787"},{"taxonomy":"locatie","embeddable":true,"href":"https:\/\/www.kinderopvanglittlepeople.nl\/de\/wp-json\/wp\/v2\/locatie?post=13787"}],"curies":[{"name":"wp","href":"https:\/\/api.w.org\/{rel}","templated":true}]}}

<p>Mein Name ist Rudy, geboren und aufgewachsen im malerischen Best.</p>
<p>Nachdem ich über 20 Jahre in der Logistikbranche gearbeitet hatte, beschloss ich, meinem Herzen zu folgen und in der Kinderbetreuung zu arbeiten. Im Jahr 2025 werde ich die BBL-Ausbildung zur Pädagogischen Fachkraft beginnen. Ich freue mich sehr darauf, zur Entwicklung Ihres Kindes in einer sicheren, warmen Umgebung beizutragen, in der Ihr Kind ganz es selbst sein darf und kann.</p>
<p>In meiner Freizeit bin ich ein begeisterter Fußballfan und besuche regelmäßig ein Spiel meines Lieblingsvereins: Inter Mailand. Ich stehe auch gerne in meiner Außenküche und grille.</p>
<p>&nbsp;</p>
<p>Ich hoffe, Sie alle bald wiederzusehen.</p>
<p>Grüße</p>

<!-- This site is optimized with the Yoast SEO plugin v27.4 - https://yoast.com/product/yoast-seo-wordpress/ -->
<title>Rudy - Kinderopvang Little People</title>
<meta name="robots" content="noindex, follow" />
<meta property="og:locale" content="de_DE" />
<meta property="og:type" content="article" />
<meta property="og:title" content="Rudy - Kinderopvang Little People" />
<meta property="og:description" content="Mijn naam is Rudy, geboren en getogen in het pittoreske Best. Na ruim 20 jaar in de logistiek te hebben gewerkt, heb ik besloten om mijn hart te gaan volgen en ben ik begonnen in de kinderopvang. In 2025 zal ik starten met het BBL-traject tot Gespecialiseerd Pedagogisch Medewerker. Ik kijk er enorm naar uit&hellip;" />
<meta property="og:url" content="https://www.kinderopvanglittlepeople.nl/de/medewerker/rudy/" />
<meta property="og:site_name" content="Kinderopvang Little People" />
<meta property="article:publisher" content="https://www.facebook.com/KinderopvangLittlePeople" />
<meta property="og:image" content="https://www.kinderopvanglittlepeople.nl/wp-content/uploads/foto-website-rudy.jpg" />
	<meta property="og:image:width" content="480" />
	<meta property="og:image:height" content="640" />
	<meta property="og:image:type" content="image/jpeg" />
<meta name="twitter:label1" content="Geschätzte Lesezeit" />
	<meta name="twitter:data1" content="1 Minute" />
<script type="application/ld+json" class="yoast-schema-graph">{"@context":"https:\/\/schema.org","@graph":[{"@type":"WebPage","@id":"https:\/\/www.kinderopvanglittlepeople.nl\/medewerker\/rudy\/","url":"https:\/\/www.kinderopvanglittlepeople.nl\/medewerker\/rudy\/","name":"Rudy - Kinderopvang Little People","isPartOf":{"@id":"https:\/\/www.kinderopvanglittlepeople.nl\/#website"},"primaryImageOfPage":{"@id":"https:\/\/www.kinderopvanglittlepeople.nl\/medewerker\/rudy\/#primaryimage"},"image":{"@id":"https:\/\/www.kinderopvanglittlepeople.nl\/medewerker\/rudy\/#primaryimage"},"thumbnailUrl":"https:\/\/www.kinderopvanglittlepeople.nl\/wp-content\/uploads\/foto-website-rudy.jpg","datePublished":"2025-08-14T13:35:45+00:00","breadcrumb":{"@id":"https:\/\/www.kinderopvanglittlepeople.nl\/medewerker\/rudy\/#breadcrumb"},"inLanguage":"de","potentialAction":[{"@type":"ReadAction","target":["https:\/\/www.kinderopvanglittlepeople.nl\/medewerker\/rudy\/"]}]},{"@type":"ImageObject","inLanguage":"de","@id":"https:\/\/www.kinderopvanglittlepeople.nl\/medewerker\/rudy\/#primaryimage","url":"https:\/\/www.kinderopvanglittlepeople.nl\/wp-content\/uploads\/foto-website-rudy.jpg","contentUrl":"https:\/\/www.kinderopvanglittlepeople.nl\/wp-content\/uploads\/foto-website-rudy.jpg","width":480,"height":640},{"@type":"BreadcrumbList","@id":"https:\/\/www.kinderopvanglittlepeople.nl\/medewerker\/rudy\/#breadcrumb","itemListElement":[{"@type":"ListItem","position":1,"name":"Home","item":"https:\/\/www.kinderopvanglittlepeople.nl\/"},{"@type":"ListItem","position":2,"name":"Rudy"}]},{"@type":"WebSite","@id":"https:\/\/www.kinderopvanglittlepeople.nl\/#website","url":"https:\/\/www.kinderopvanglittlepeople.nl\/","name":"Kinderopvang Little People","description":"Een huiselijke sfeer, kleinschalig en véél persoonlijke aandacht voor ieder kind.","publisher":{"@id":"https:\/\/www.kinderopvanglittlepeople.nl\/#organization"},"alternateName":"Een huiselijke sfeer, kleinschalig en véél persoonlijke aandacht voor ieder kind.","potentialAction":[{"@type":"SearchAction","target":{"@type":"EntryPoint","urlTemplate":"https:\/\/www.kinderopvanglittlepeople.nl\/?s={search_term_string}"},"query-input":{"@type":"PropertyValueSpecification","valueRequired":true,"valueName":"search_term_string"}}],"inLanguage":"de"},{"@type":"Organization","@id":"https:\/\/www.kinderopvanglittlepeople.nl\/#organization","name":"Kinderopvang Little People","alternateName":"Een huiselijke sfeer, kleinschalig en véél persoonlijke aandacht voor ieder kind.","url":"https:\/\/www.kinderopvanglittlepeople.nl\/","logo":{"@type":"ImageObject","inLanguage":"de","@id":"https:\/\/www.kinderopvanglittlepeople.nl\/#\/schema\/logo\/image\/","url":"https:\/\/www.kinderopvanglittlepeople.nl\/wp-content\/uploads\/logo-klp.svg","contentUrl":"https:\/\/www.kinderopvanglittlepeople.nl\/wp-content\/uploads\/logo-klp.svg","width":1,"height":1,"caption":"Kinderopvang Little People"},"image":{"@id":"https:\/\/www.kinderopvanglittlepeople.nl\/#\/schema\/logo\/image\/"},"sameAs":["https:\/\/www.facebook.com\/KinderopvangLittlePeople"]}]}</script>
<!-- / Yoast SEO plugin. -->

Eine familiäre Atmosphäre, ein kleiner Rahmen und viel persönliche Aufmerksamkeit für jedes Kind.

Een huiselijke sfeer, kleinschalig en véél persoonlijke aandacht voor ieder kind.
